 + 922. Calculate z(306).
4
Let n(l) = -629*l + 108815. Give n(173).
-2
Let u(v) = 7*v**3 + 12*v**2 - 91*v + 120. Calculate u(-5).
0
Let u(m) = -94930*m - 284790. Give u(-3).
0
Let y(a) = a**3 - 338*a**2 + 7542*a - 1859. What is y(314)?
25
Let b(g) = -42*g**2 + 15095*g - 6104. Determine b(359).
-1
Let x(g) = 164*g + 21072. What is x(-128)?
80
Let w(b) = -1928*b**2 + 2*b + 9. Calculate w(1).
-1917
Let p(x) = -89795*x + 1346926. Determine p(15).
1
Let w(p) = 439436*p - 15380249. Calculate w(35).
11
Let r(b) = -1683*b + 20131. What is r(12)?
-65
Let m(i) = -2*i**3 - 16*i**2 + 39*i - 31. Give m(-11).
266
Let u(f) = -45290*f - 3985465. Give u(-88).
55
Let t(r) = 17*r + 3494. What is t(2)?
3528
Let x(h) = 680*h - 54442. What is x(80)?
-42
Let h(y) = -2*y**3 + 69*y**2 + 92*y - 17. Calculate h(36).
-593
Let x(n) = -8*n**3 + 40*n**2 + 76*n - 307. Give x(5).
73
Let q(p) = 1068*p - 199853. Determine q(187).
-137
Let a(m) = -m**3 + 5*m**2 + 27978*m - 167856. Calculate a(6).
-24
Let x(j) = -4*j**3 - 12*j**2 + 119*j + 348. Give x(-3).
-9
Let p(t) = 421*t**2 + 295*t - 293. What is p(1)?
423
Let u(k) = k**2 + 399*k + 12743. Determine u(-35).
3
Let v(g) = 11*g**2 + 329*g - 953. Determine v(-33).
169
Let p(a) = -2*a**3 + 43*a**2 - 1949*a + 24344. What is p(14)?
-2
Let i(t) = -2744*t + 46643. What is i(17)?
-5
Let n(l) = 7*l**3 - 486*l + 1507. Give n(3).
238
Let s(l) = 740*l + 11561. What is s(-16)?
-279
Let a(z) = -1141*z + 45683. Determine a(40).
43
Let y(k) = 288*k + 43925. Give y(-153).
-139
Let k(t) = -4*t**2 + 1229*t + 12270. Calculate k(-10).
-420
Let b(n) = -n**2 + 18*n + 8185. What is b(-82)?
-15
Let b(z) = -z**2 + 215*z - 3419. What is b(18)?
127
Let j(r) = -r**2 + 124*r - 617. Determine j(105).
1378
Let z(k) = -94969*k + 3703796. Determine z(39).
5
Let o(b) = 20910*b - 83652. What is o(4)?
-12
Let q(x) = -x**2 + 60829*x + 730112. What is q(-12)?
20
Let b(n) = 32*n**3 - 21*n**2 + 29*n + 63. What is b(4)?
1891
Let w(f) = -4032*f - 189501. What is w(-47)?
3
Let g(p) = -5*p**2 - 3317*p + 23318. Determine g(7).
-146
Let b(r) = -3*r**3 - 295*r**2 + 650*r + 2477. Determine b(-2).
21
Let d(f) = -2943*f - 96880. Calculate d(-33).
239
Let s(i) = 11*i**2 + 362*i - 1196. Calculate s(-36).
28
Let z(y) = -2727*y + 1246233. Give z(457).
-6
Let u(r) = -r**3 + 21*r**2 + 78*r - 1212. What is u(21)?
426
Let c(n) = -n**3 + 24*n**2 + 169*n - 3709. Give c(25).
-109
Let p(i) = -62*i**2 + 829*i - 3202. Calculate p(8).
-538
Let p(c) = -c**3 + 24*c**2 + 93*c - 3069. Determine p(22).
-55
Let i(r) = -51*r**3 + 7*r**2 - 128*r - 133. What is i(-1)?
53
Let g(q) = q**3 + 4*q**2 - 139*q - 759. Calculate g(-6).
3
Let s(o) = o**3 + 271*o**2 - 5763*o - 1144. Determine s(20).
-4
Let m(s) = -2*s**3 - 31*s**2 + 139*s + 1924. What is m(-14)?
-610
Let d(t) = -2*t**2 + 85*t + 919. Determine d(-14).
-663
Let c(h) = -18*h - 2699. What is c(-176)?
469
Let c(d) = -d**2 + 19207*d + 153728. Determine c(-8).
8
Let a(i) = -31266*i + 187586. What is a(6)?
-10
Let k(b) = 370*b + 17114. Determine k(-48).
-646
Let w(i) = -i**3 + 122*i**2 - 362*i + 1897. Give w(119).
1302
Let g(v) = -10*v**3 + 711*v**2 - 770*v - 4. Determine g(70).
-4
Let d(i) = 71*i**2 + 1347*i - 11. Give d(-19).
27
Let f(r) = r**3 + 18*r**2 - 10740*r - 182866. Calculate f(-17).
3
Let g(m) = m**2 + 28800*m + 86397. What is g(-3)?
6
Let d(x) = x**3 + 14*x**2 + 3356*x + 26478. What is d(-8)?
14
Let z(x) = -9*x**2 - 880*x + 256923. What is z(127)?
2
Let s(p) = 91*p - 12603. What is s(147)?
774
Let k(f) = -492071*f + 1968272. Calculate k(4).
-12
Let i(d) = 214*d + 551. What is i(1)?
765
Let b(x) = x**2 - 192*x - 1235. Calculate b(-6).
-47
Let z(r) = 2*r**3 - 18*r**2 - 955*r - 1217. Calculate z(-17).
-10
Let w(t) = -9463*t + 56811. Determine w(6).
33
Let o(s) = 51*s + 6297. Give o(-107).
840
Let n(g) = g**2 + 3039*g - 144967. What is n(47)?
75
Let m(z) = z**2 - 11979*z + 95779. Determine m(8).
11
Let s(r) = 17*r**2 - 580*r - 425. Give s(35).
100
Let q(b) = -b**3 + 242*b**2 - 7237*b - 1553. Determine q(207).
103
Let o(b) = 16*b**2 + 242*b - 5. Give o(-1).
-231
Let h(t) = t**3 + 157*t**2 + 155*t - 359. Calculate h(-156).
-203
Let j(c) = 568*c**2 + 3230*c + 1955. What is j(-5)?
5
Let y(g) = -1461*g - 40736. What is y(-28)?
172
Let v(a) = -a**3 - 10*a**2 + 4432*a - 8813. Give v(2).
3
Let z(f) = -267*f + 740. Calculate z(9).
-1663
Let w(u) = 2*u**2 - 831*u - 27003. Determine w(-31).
680
Let x(u) = -6*u**3 + 4*u**2 - 548*u + 2212. Give x(4).
-300
Let p(h) = 2*h**2 - 126877*h + 3043902. Give p(24).
6
Let j(f) = 12*f**2 - 807*f - 6026. Give j(-7).
211
Let k(x) = -184*x + 30718. Calculate k(171).
-746
Let l(u) = -10*u**2 + 4722*u + 37854. Calculate l(-8).
-562
Let y(w) = w**2 + 89*w + 1034. Calculate y(-15).
-76
Let a(o) = 11*o**2 - 64*o - 2814. Determine a(19).
-59
Let z(o) = 678*o**2 + 2*o - 219. Calculate z(0).
-219
Let z(h) = h**2 + 7861*h + 141193. What is z(-18)?
19
Let x(p) = 20089*p + 904007. Determine x(-45).
2
Let u(a) = 106*a**2 - 1525*a - 1525. What is u(-1)?
106
Let o(q) = -2782*q + 61190. What is o(22)?
-14
Let i(p) = 10*p**3 + 3*p**2 + 86*p + 352. Give i(-4).
-584
Let z(o) = -o**2 + 1012*o + 18583. Calculate z(-18).
43
Let r(k) = -k**3 + 31*k**2 + 90*k - 2914. Determine r(31).
-124
Let f(y) = y**2 + 85*y - 1852. Calculate f(16).
-236
Let p(s) = -227*s**2 - 2402*s + 3839. What is p(-12)?
-25
Let a(r) = r**2 - 7114*r - 85545. Give a(-12).
-33
Let q(y) = -5576*y + 763769. What is q(137)?
-143
Let c(d) = -461*d**3 - 6*d**2 - 11*d. Determine c(-1).
466
Let s(a) = a**2 - 247*a + 2341. Determine s(237).
-29
Let g(w) = w**3 - 1586*w**2 + 12792*w - 265101. Calculate g(1578).
3
Let o(k) = 637*k**2 - 13382*k + 71. Give o(21).
-34
Let u(g) = -221281*g - 1548973. Give u(-7).
-6
Let h(r) = 11444*r - 2895336. Determine h(253).
-4
Let b(z) = -46651*z + 886373. Determine b(19).
4
Let z(v) = 14*v**3 - 2478*v**2 - 5*v + 1006. Calculate z(177).
121
Let p(s) = 5*s**2 - 2238*s + 12342. Determine p(442).
-34
Let x(u) = -u**3 - 20*u**2 + 96*u + 357. Determine x(-18).
-2019
Let h(v) = -572174*v + 20026101. Give h(35).
11
Let a(d) = -122*d**2 + 38*d + 1754. Give a(4).
-46
Let l(a) = -4047*a - 259017. What is l(-64)?
-9
Let k(h) = -2*h**2 - 7*h + 496. Give k(-26).
-674
Let x(q) = -1001*q**2 - 4453*q - 3. Calculate x(-4).
1793
Let i(t) = -7*t**3 + 4016*t**2 + 1087*t + 35006. Give i(574).
-8
Let n(y) = -2988*y**2 + 12325*y + 14. Determine n(4).
1506
Let q(n) = 11*n**2 - 1211*n + 3589. What is q(3)?
55
Let w(y) = -4*y**2 - 349*y - 566. What is w(-87)?
-479
Let i(x) = 2*x**3 - 4*x**2 + 79*x - 173. Give i(0).
-173
Let w(m) = -m**2 + 1884*m + 65221. Calculate w(-34).
9
Let d(h) = 124163*h - 372482. Give d(3).
7
Let u(s) = 78*s + 6663. Give u(-116).
-2385
Let p(q) = 20*q**2 - 136*q - 1465. Give p(-14).
4359
Let t(q) = -q**2 - 453*q - 29714. Give t(-376).
-762
Let o(f) = f**2 + 8816*f + 79271. What is o(-9)?
8
Let z(m) = m**2 - 14603*m - 190105. What is z(-13)?
-97
Let h(r) = -r**3 - 27*r**2 - 11*r - 2439. Determine h(-34).
6027
Let x(m) = -2*m**3 - 237*m**2 + 5052*m - 2325. Calculate x(-137).
4
Let d(x) = x**3 - 98*x**2 + 10*x - 199. What is d(98)?
781
Let c(h) = -8*h**3 - 2*h**2 - 46. Give c(-4).
434
Let j(w) = w**2 + 21*w + 17. Give j(-1).
-3
Let d(t) = 3*t**2 + 507*t - 1461. Determine d(3).
87
Let r(p) = p**3 - 498*p**2 + 77*p - 38347. Give r(498).
-1
Let s(m) = -206*m**2 - 2452*m - 49. Give s(-12).
-289
Let h(z) = -z**2 - 127*z - 1289. Give h(-92).
1931
Let z(h) = -h**3 - 51*h**2 - 580*h - 32. What is z(-31)?
-1272
Let q(o) = -31496*o - 2141713. Calculate q(-68).
15
Let o(q) = q**3 - 207*q**2 + 15098*q - 3125291. Calculate o(207).
-5
Let p(h) = -19*h + 4907. What is p(284)?
-489
Let g(s) = 13157*s - 13179. What is g(1)?
-22
Let v(n) = -5948*n + 2920479. Calculate v(491).
11
Let s(c) = c**3 - 68*c**2 - 2216*c + 55. Calculate s(92).
-681
Let x(u) = 3*u**3 + 233*u**2 + 437*u + 4307. Calculate x(-76).
-25
Let f(s) = -276*s**2 - 6550*s + 1729. Give f(-24).
-47
Let j(i) = -27*i**2 + 94*i + 468. What is j(-4)?
-340
Let g(u) = -2*u**2 + 20096*u - 720868. Calculate g(36).
-4
Let i(j) = -7559*j + 226784. Determine i(30).
14
Let c(v) = 50*v**2 + 2628*v - 46. Determine c(-51).
-4024
Let y(q) = 20*q**3 + 760*q**2 + 52*q + 1866. Calculate y(-38).
-110
Let q(k) = k**2 - 14495